e units digit of 2119941?
1
What is the hundreds digit of 723680?
6
What is the tens digit of 1086703?
0
What is the hundreds digit of 140507?
5
What is the units digit of 136359?
9
What is the units digit of 1266995?
5
What is the ten thousands digit of 3681153?
8
What is the hundred thousands digit of 754072?
7
What is the hundreds digit of 5106747?
7
What is the units digit of 5545151?
1
What is the ten thousands digit of 645914?
4
What is the units digit of 337214?
4
What is the hundred thousands digit of 1792891?
7
What is the units digit of 111235?
5
What is the units digit of 211639?
9
What is the thousands digit of 2008185?
8
What is the hundreds digit of 14250507?
5
What is the millions digit of 1120194?
1
What is the hundreds digit of 5710583?
5
What is the thousands digit of 198947?
8
What is the hundred thousands digit of 315373?
3
What is the units digit of 11718415?
5
What is the tens digit of 5176424?
2
What is the hundred thousands digit of 21024661?
0
What is the units digit of 2149637?
7
What is the millions digit of 5005529?
5
What is the units digit of 245663?
3
What is the units digit of 7077020?
0
What is the ten millions digit of 10553195?
1
What is the ten thousands digit of 772420?
7
What is the tens digit of 2759782?
8
What is the hundreds digit of 3352328?
3
What is the hundreds digit of 3941987?
9
What is the tens digit of 13255952?
5
What is the millions digit of 18253439?
8
What is the ten thousands digit of 35116?
3
What is the ten millions digit of 12524730?
1
What is the units digit of 17888900?
0
What is the hundreds digit of 38405245?
2
What is the millions digit of 3859819?
3
What is the ten thousands digit of 1414605?
1
What is the millions digit of 1072254?
1
What is the ten thousands digit of 25692513?
9
What is the units digit of 91708?
8
What is the hundred thousands digit of 521229?
5
What is the hundreds digit of 8610106?
1
What is the hundreds digit of 18141636?
6
What is the hundred thousands digit of 335779?
3
What is the ten thousands digit of 1664211?
6
What is the units digit of 603966?
6
What is the hundreds digit of 1446356?
3
What is the units digit of 383999?
9
What is the hundreds digit of 3878594?
5
What is the ten thousands digit of 22691?
2
What is the hundreds digit of 273451?
4
What is the units digit of 4530583?
3
What is the hundreds digit of 618531?
5
What is the tens digit of 254932?
3
What is the hundreds digit of 420912?
9
What is the ten thousands digit of 5222130?
2
What is the hundred thousands digit of 111337?
1
What is the millions digit of 3139702?
3
What is the units digit of 1977091?
1
What is the ten thousands digit of 8777485?
7
What is the hundreds digit of 1766822?
8
What is the thousands digit of 539616?
9
What is the units digit of 352565?
5
What is the units digit of 495727?
7
What is the hundreds digit of 42075?
0
What is the hundred thousands digit of 11176534?
1
What is the millions digit of 10056270?
0
What is the hundreds digit of 434907?
9
What is the ten thousands digit of 920024?
2
What is the hundred thousands digit of 484457?
4
What is the units digit of 98177?
7
What is the tens digit of 414531?
3
What is the thousands digit of 836993?
6
What is the units digit of 2031820?
0
What is the hundreds digit of 381838?
8
What is the millions digit of 3112877?
3
What is the ten thousands digit of 9756208?
5
What is the tens digit of 1259479?
7
What is the thousands digit of 1206951?
6
What is the hundreds digit of 13062740?
7
What is the tens digit of 589251?
5
What is the ten thousands digit of 1036547?
3
What is the tens digit of 201964?
6
What is the hundreds digit of 1793725?
7
What is the ten thousands digit of 30525240?
2
What is the hundreds digit of 13262809?
8
What is the millions digit of 20090546?
0
What is the hundreds digit of 166003?
0
What is the ten thousands digit of 53138?
5
What is the ten thousands digit of 408761?
0
What is the thousands digit of 20258437?
8
What is the hundreds digit of 749409?
4
What is the units digit of 412943?
3
What is the hundreds digit of 1929882?
8
What is the tens digit of 205565?
6
What is the units digit of 5516537?
7
What is the millions digit of 13470438?
3
What is the thousands digit of 803448?
3
What is the units digit of 363284?
4
What is the ten thousands digit of 167624?
6
What is the tens digit of 457329?
2
What is the millions digit of 4564613?
4
What is the units digit of 1021035?
5
What is the ten thousands digit of 2588101?
8
What is the tens digit of 680084?
8
What is the units digit of 615952?
2
What is the units digit of 667799?
9
What is the units digit of 269008?
8
What is the hundreds digit of 451770?
7
What is the thousands digit of 6818715?
8
What is the hundred thousands digit of 10943267?
9
What is the units digit of 5646467?
7
What is the hundred thousands digit of 12322205?
3
What is the hundred thousands digit of 636646?
6
What is the hundred thousands digit of 4051140?
0
What is the thousands digit of 14967828?
7
What is the millions digit of 25508288?
5
What is the hundreds digit of 284010?
0
What is the hundred thousands digit of 18262931?
2
What is the hundreds digit of 7569239?
2
What is the millions digit of 3114099?
3
What is the units digit of 8578621?
1
What is the hundred thousands digit of 1005337?
0
What is the thousands digit of 200275?
0
What is the thousands digit of 278070?
8
What is the units digit of 101747?
7
What is the units digit of 719713?
3
What is the units digit of 970082?
2
What is the units digit of 245038?
8
What is the hundred thousands digit of 1047889?
0
What is the ten millions digit of 22972191?
2
What is the units digit of 842838?
8
What is the ten millions digit of 11937549?
1
What is the thousands digit of 215778?
5
What is the units digit of 9633449?
9
What is the ten thousands digit of 985803?
8
What is the ten thousands digit of 1445456?
4
What is the units digit of 4442302?
2
What is the hundreds digit of 11248531?
5
What is the ten millions digit of 36266045?
3
What is the tens digit of 524330?
3
What is the ten millions digit of 28083406?
2
What is the thousands digit of 18091622?
1
What is the hundreds digit of 58353?
3
What is the hundred thousands digit of 7963671?
9
What is the tens digit of 1491674?
7
What is the units digit of 2887914?
4
What is the thousands digit of 706266?
6
What is the hundreds digit of 157008?
0
What is the ten thousands digit of 32940?
3
What is the ten thousands digit of 9499971?
9
What is the millions digit of 2896451?
2
What is the ten thousands digit of 457395?
5
What is the ten millions digit of 10909224?
1
What is the tens digit of 9319105?
0
What is the units digit of 1850759?
9
What is the thousands digit of 42570?
2
What is the thousands digit of 1618?
1
What is the hundred thousands digit of 297812?
2
What is the thousands digit of 1083370?
3
What is the thousands digit of 2091934?
1
What is the hundred thousands digit of 254008?
2
What is the thousands digit of 159248?
9
What is the hundred thousands digit of 6391285?
3
What is the thousands digit of 242029?
2
What is the ten thousands digit of 5570181?
7
What is the hundred thousands digit of 14362904?
3
What is the units digit of 9588586?
6
What is the tens digit of 805632?
3
What is the ten thousands digit of 3115326?
1
What is the millions digit of 5844753?
5
What is the ten thousands digit of 1141782?
4
What is the hundreds digit of 180667?
6
What is the tens digit of 928008?
0
What is the units digit of 6487970?
0
What is the thousands digit of 373685?
3
What is the tens digit of 169388?
8
What is the hundreds digit of 523083?
0
What is the ten thousands digit of 28172?
2
What is the hundreds digit of 2209117?
1
What is the millions digit of 1208449?
1
What is the tens digit of 47028?
2
What is the units digit of 314802?
2
What is the hundreds digit of 875480?
4
What is the hundreds digit of 279178?
1
What is the hundred thousands digit of 209504?
2
What is the ten thousands digit of 113897?
1
What is the thousands digit of 804928?
4
What is the ten thousands digit of 716250?
1
What is the hundred thousands digit of 5554548?
5
What is the hundred thousands digit of 1679890?
6
What is the hundreds digit of 608455?
4
What is the tens digit of 45131